mmon factor of 31128 and 5844?
12
What is the greatest common factor of 5876955 and 1190?
35
Calculate the greatest common factor of 172 and 26309722.
86
Calculate the greatest common factor of 61 and 6286616873.
61
Calculate the greatest common factor of 1856 and 53533594.
58
What is the greatest common divisor of 44 and 140179072?
44
Calculate the greatest common divisor of 685188 and 3028966.
5438
What is the greatest common factor of 159588 and 33856836?
4836
What is the greatest common divisor of 21434787 and 1089?
1089
What is the greatest common divisor of 273 and 14808963?
39
What is the greatest common divisor of 36 and 11618344?
4
Calculate the highest common factor of 9528 and 408.
24
Calculate the highest common divisor of 2698320 and 960.
240
Calculate the highest common factor of 11 and 31453631.
11
Calculate the greatest common divisor of 70 and 1801443.
7
Calculate the greatest common factor of 75 and 516156675.
75
Calculate the highest common factor of 15940278 and 4404.
2202
Calculate the highest common divisor of 1650880 and 17360.
560
What is the greatest common divisor of 55043 and 87077?
19
What is the highest common divisor of 90 and 109899920?
10
Calculate the greatest common factor of 536 and 219425.
67
Calculate the greatest common divisor of 34 and 51464.
2
Calculate the highest common divisor of 13593 and 413103.
69
Calculate the greatest common factor of 140505 and 20729171.
9367
Calculate the highest common factor of 46132 and 2439533.
607
Calculate the greatest common divisor of 10932338 and 1434.
478
What is the greatest common divisor of 5205521 and 10235?
2047
What is the greatest common factor of 158 and 879836?
2
What is the highest common factor of 1626 and 140502?
6
Calculate the highest common divisor of 5002 and 621232.
82
Calculate the highest common divisor of 1411234 and 1278662.
506
Calculate the highest common divisor of 198527 and 24412.
359
What is the highest common divisor of 468 and 10464597?
117
Calculate the greatest common divisor of 6808555 and 7215.
2405
Calculate the highest common divisor of 2025 and 527733225.
2025
What is the highest common divisor of 34908210 and 30?
30
What is the highest common factor of 360 and 20282316?
12
Calculate the greatest common divisor of 2550176 and 224.
32
What is the greatest common divisor of 291960 and 4860?
180
Calculate the highest common divisor of 27828584 and 6.
2
What is the greatest common factor of 2462 and 584190746?
2462
What is the highest common divisor of 243877 and 12245?
31
Calculate the greatest common divisor of 445916 and 6929.
41
Calculate the highest common factor of 441054220 and 76.
76
Calculate the greatest common factor of 11324348 and 91.
7
What is the highest common divisor of 434280 and 79035?
165
What is the highest common factor of 6783870 and 1185?
15
Calculate the highest common divisor of 2113584 and 52.
4
Calculate the greatest common divisor of 3645 and 15474.
3
Calculate the greatest common divisor of 126 and 47727.
9
Calculate the greatest common divisor of 946075 and 1541765.
355
What is the highest common factor of 3776 and 8541076?
236
What is the greatest common factor of 42 and 228467400?
42
What is the greatest common factor of 1139 and 13597114?
67
What is the highest common factor of 2877 and 1151787?
21
Calculate the greatest common divisor of 57181900 and 245120.
7660
Calculate the greatest common factor of 6192800 and 45600.
800
Calculate the highest common factor of 690 and 24587340.
30
What is the highest common factor of 78685584 and 464?
464
Calculate the greatest common factor of 1786 and 42505907.
893
Calculate the highest common divisor of 16499 and 1091517.
7
Calculate the greatest common divisor of 52235 and 2201.
31
What is the greatest common factor of 1133 and 119674258?
1133
What is the highest common factor of 119 and 1018087?
7
What is the greatest common divisor of 2638185 and 930?
15
What is the highest common divisor of 16223427 and 11?
11
Calculate the highest common divisor of 5367930 and 4110.
30
What is the highest common divisor of 4872827 and 15?
1
What is the greatest common divisor of 2270006 and 164?
82
Calculate the greatest common factor of 3310 and 270.
10
What is the greatest common divisor of 141050835 and 12420?
3105
What is the greatest common factor of 39318400 and 400?
400
Calculate the greatest common factor of 71 and 180727.
1
What is the greatest common divisor of 107968308 and 63?
21
What is the highest common divisor of 1896 and 1783020?
12
What is the highest common divisor of 7835520 and 78705?
8745
What is the highest common divisor of 1919 and 564148?
19
What is the highest common divisor of 1276784 and 1143056?
3184
Calculate the highest common divisor of 155920 and 738671.
1949
What is the greatest common divisor of 71120 and 1080?
40
Calculate the greatest common divisor of 362137636 and 4.
4
What is the highest common factor of 20 and 700514260?
20
Calculate the greatest common factor of 22 and 14873430.
22
What is the greatest common factor of 1712230837 and 782?
391
What is the greatest common factor of 24466855 and 70?
35
Calculate the highest common divisor of 488368 and 71531.
233
Calculate the greatest common divisor of 2173489 and 17121.
439
Calculate the highest common divisor of 114905 and 9155.
5
Calculate the greatest common factor of 3625 and 16480555.
145
Calculate the highest common factor of 51259950 and 6300.
3150
Calculate the highest common factor of 27854 and 3703116.
1466
Calculate the greatest common divisor of 380635 and 301280.
1345
What is the greatest common divisor of 15258640 and 435?
145
Calculate the greatest common factor of 1848 and 141834000.
1848
Calculate the highest common factor of 16050 and 6021450.
150
What is the highest common divisor of 205436 and 1290674?
4466
What is the greatest common divisor of 42251 and 199847?
23
What is the highest common factor of 238878 and 82386?
414
What is the greatest common divisor of 5750 and 3242?
2
What is the greatest common divisor of 558 and 1079544?
186
What is the highest common factor of 14406564 and 96?
12
Calculate the highest common divisor of 6145 and 1700936.
1229
Calculate the highest common factor of 644 and 46819444.
644
Calculate the greatest common divisor of 376803 and 39564.
63
Calculate the highest common factor of 11270 and 4403560.
70
What is the greatest common divisor of 26244 and 294840?
324
Calculate the greatest common factor of 2158 and 1058720.
26
Calculate the greatest common divisor of 1535 and 510682220.
1535
What is the greatest common factor of 35904854 and 6?
2
What is the highest common divisor of 66 and 396508816?
22
Calculate the highest common factor of 531 and 7234803.
9
What is the highest common divisor of 884 and 14618812?
52
What is the greatest common divisor of 72522 and 32861867?
1343
Calculate the highest common divisor of 4844890 and 30.
10
What is the highest common divisor of 36911884 and 49986?
5554
Calculate the greatest common divisor of 116517 and 8.
1
What is the greatest common factor of 246 and 8567073?
123
What is the greatest common divisor of 12741 and 180364062?
411
Calculate the highest common factor of 1660939461 and 422.
211
Calculate the greatest common factor of 202724284 and 7.
7
Calculate the greatest common divisor of 5723533 and 11695.
2339
Calculate the highest common factor of 461565648 and 1728.
432
Calculate the greatest common factor of 66 and 243246058.
22
What is the greatest common factor of 4470 and 99810?
30
What is the highest common factor of 95587534 and 196?
98
Calculate the greatest common divisor of 3068 and 209768.
52
What is the highest common divisor of 845 and 17803175?
65
Calculate the highest common factor of 182232 and 247536.
72
What is the greatest common factor of 1118 and 709826?
26
Calculate the greatest common factor of 342951273 and 29412.
7353
Calculate the greatest common divisor of 2061 and 593.
1
What is the greatest common divisor of 506 and 153574795?
253
What is the greatest common factor of 28262253 and 57?
57
Calculate the greatest common divisor of 1219331 and 129610.
997
Calculate the highest common factor of 880 and 55067540.
220
What is the greatest common factor of 